{"version":"1.0","provider_name":"THE SEFIRO GROUP","provider_url":"https:\/\/sefiro.de\/en","author_name":"Julia Rau","author_url":"https:\/\/sefiro.de\/en\/author\/julia-rau\/","title":"Plastikt\u00fcten ab 2022 verboten &ndash; SEFIRO GROUP","type":"rich","width":600,"height":338,"html":"<blockquote class=\"wp-embedded-content\" data-secret=\"Eqp11QgrO8\"><a href=\"https:\/\/sefiro.de\/en\/2021\/01\/01\/plastiktueten-ab-2022-verboten\/\">Plastikt\u00fcten ab 2022 verboten<\/a><\/blockquote><iframe sandbox=\"allow-scripts\" security=\"restricted\" src=\"https:\/\/sefiro.de\/en\/2021\/01\/01\/plastiktueten-ab-2022-verboten\/embed\/#?secret=Eqp11QgrO8\" width=\"600\" height=\"338\" title=\"&#8220;Plastikt\u00fcten ab 2022 verboten&#8221; &#8212; SEFIRO GROUP\" data-secret=\"Eqp11QgrO8\" frameborder=\"0\" marginwidth=\"0\" marginheight=\"0\" scrolling=\"no\" class=\"wp-embedded-content\"><\/iframe><script>\n\/*! This file is auto-generated *\/\n!function(d,l){\"use strict\";l.querySelector&&d.addEventListener&&\"undefined\"!=typeof URL&&(d.wp=d.wp||{},d.wp.receiveEmbedMessage||(d.wp.receiveEmbedMessage=function(e){var t=e.data;if((t||t.secret||t.message||t.value)&&!\/[^a-zA-Z0-9]\/.test(t.secret)){for(var s,r,n,a=l.querySelectorAll('iframe[data-secret=\"'+t.secret+'\"]'),o=l.querySelectorAll('blockquote[data-secret=\"'+t.secret+'\"]'),c=new RegExp(\"^https?:$\",\"i\"),i=0;i<o.length;i++)o[i].style.display=\"none\";for(i=0;i<a.length;i++)s=a[i],e.source===s.contentWindow&&(s.removeAttribute(\"style\"),\"height\"===t.message?(1e3<(r=parseInt(t.value,10))?r=1e3:~~r<200&&(r=200),s.height=r):\"link\"===t.message&&(r=new URL(s.getAttribute(\"src\")),n=new URL(t.value),c.test(n.protocol))&&n.host===r.host&&l.activeElement===s&&(d.top.location.href=t.value))}},d.addEventListener(\"message\",d.wp.receiveEmbedMessage,!1),l.addEventListener(\"DOMContentLoaded\",function(){for(var e,t,s=l.querySelectorAll(\"iframe.wp-embedded-content\"),r=0;r<s.length;r++)(t=(e=s[r]).getAttribute(\"data-secret\"))||(t=Math.random().toString(36).substring(2,12),e.src+=\"#?secret=\"+t,e.setAttribute(\"data-secret\",t)),e.contentWindow.postMessage({message:\"ready\",secret:t},\"*\")},!1)))}(window,document);\n\/\/# sourceURL=https:\/\/sefiro.de\/wp-includes\/js\/wp-embed.min.js\n<\/script>","thumbnail_url":"https:\/\/sefiro.de\/wp-content\/uploads\/2021\/07\/meadow-4485609_1920.jpg","thumbnail_width":1920,"thumbnail_height":1280,"description":"Ab dem 1. Januar 2022 gilt in Deutschland ein Verbot f\u00fcr Plastikt\u00fcten. Nach der Zustimmung des Bundestags hat der Bundesrat eine entsprechende \u00c4nderung des Verpackungsgesetzes passieren lassen. K\u00fcnftig d\u00fcrfen leichte Plastikt\u00fcten mit Wandst\u00e4rken von 15 bis 50 Mikrometern nicht mehr in Umlauf kommen (Im Jahr 2019 wurden in Deutschland 1,49 Milliarden leichter Plastikt\u00fcten in Umlauf &hellip;  Read More &raquo;"}

Plastiktüten ab 2022 verboten &ndash; SEFIRO GROUP

<blockquote class="wp-embedded-content" data-secret="Eqp11QgrO8"><a href="https://sefiro.de/en/2021/01/01/plastiktueten-ab-2022-verboten/">Plastiktüten ab 2022 verboten</a></blockquote><iframe sandbox="allow-scripts" security="restricted" src="https://sefiro.de/en/2021/01/01/plastiktueten-ab-2022-verboten/embed/#?secret=Eqp11QgrO8" width="600" height="338" title="&#8220;Plastiktüten ab 2022 verboten&#8221; &#8212; SEFIRO GROUP" data-secret="Eqp11QgrO8" frameborder="0" marginwidth="0" marginheight="0" scrolling="no" class="wp-embedded-content"></iframe><script>
/*! This file is auto-generated */
!function(d,l){"use strict";l.querySelector&&d.addEventListener&&"undefined"!=typeof URL&&(d.wp=d.wp||{},d.wp.receiveEmbedMessage||(d.wp.receiveEmbedMessage=function(e){var t=e.data;if((t||t.secret||t.message||t.value)&&!/[^a-zA-Z0-9]/.test(t.secret)){for(var s,r,n,a=l.querySelectorAll('iframe[data-secret="'+t.secret+'"]'),o=l.querySelectorAll('blockquote[data-secret="'+t.secret+'"]'),c=new RegExp("^https?:$","i"),i=0;i<o.length;i++)o[i].style.display="none";for(i=0;i<a.length;i++)s=a[i],e.source===s.contentWindow&&(s.removeAttribute("style"),"height"===t.message?(1e3<(r=parseInt(t.value,10))?r=1e3:~~r<200&&(r=200),s.height=r):"link"===t.message&&(r=new URL(s.getAttribute("src")),n=new URL(t.value),c.test(n.protocol))&&n.host===r.host&&l.activeElement===s&&(d.top.location.href=t.value))}},d.addEventListener("message",d.wp.receiveEmbedMessage,!1),l.addEventListener("DOMContentLoaded",function(){for(var e,t,s=l.querySelectorAll("iframe.wp-embedded-content"),r=0;r<s.length;r++)(t=(e=s[r]).getAttribute("data-secret"))||(t=Math.random().toString(36).substring(2,12),e.src+="#?secret="+t,e.setAttribute("data-secret",t)),e.contentWindow.postMessage({message:"ready",secret:t},"*")},!1)))}(window,document);
//# sourceURL=https://sefiro.de/wp-includes/js/wp-embed.min.js
</script>

Ab dem 1. Januar 2022 gilt in Deutschland ein Verbot für Plastiktüten. Nach der Zustimmung des Bundestags hat der Bundesrat eine entsprechende Änderung des Verpackungsgesetzes passieren lassen. Künftig dürfen leichte Plastiktüten mit Wandstärken von 15 bis 50 Mikrometern nicht mehr in Umlauf kommen (Im Jahr 2019 wurden in Deutschland 1,49 Milliarden leichter Plastiktüten in Umlauf &hellip;  Read More &raquo;
