{"version":"1.0","provider_name":"THE SEFIRO GROUP","provider_url":"https:\/\/sefiro.de\/en","author_name":"Julia Rau","author_url":"https:\/\/sefiro.de\/en\/author\/julia-rau\/","title":"Gesetz zum Schutz des Regenwaldes &ndash; SEFIRO GROUP","type":"rich","width":600,"height":338,"html":"<blockquote class=\"wp-embedded-content\" data-secret=\"2l5JfddyUB\"><a href=\"https:\/\/sefiro.de\/en\/2023\/04\/19\/gesetz-zum-schutz-des-regenwaldes\/\">Gesetz zum Schutz des Regenwaldes<\/a><\/blockquote><iframe sandbox=\"allow-scripts\" security=\"restricted\" src=\"https:\/\/sefiro.de\/en\/2023\/04\/19\/gesetz-zum-schutz-des-regenwaldes\/embed\/#?secret=2l5JfddyUB\" width=\"600\" height=\"338\" title=\"&#8220;Gesetz zum Schutz des Regenwaldes&#8221; &#8212; SEFIRO GROUP\" data-secret=\"2l5JfddyUB\" frameborder=\"0\" marginwidth=\"0\" marginheight=\"0\" scrolling=\"no\" class=\"wp-embedded-content\"><\/iframe><script>\n\/*! This file is auto-generated *\/\n!function(d,l){\"use strict\";l.querySelector&&d.addEventListener&&\"undefined\"!=typeof URL&&(d.wp=d.wp||{},d.wp.receiveEmbedMessage||(d.wp.receiveEmbedMessage=function(e){var t=e.data;if((t||t.secret||t.message||t.value)&&!\/[^a-zA-Z0-9]\/.test(t.secret)){for(var s,r,n,a=l.querySelectorAll('iframe[data-secret=\"'+t.secret+'\"]'),o=l.querySelectorAll('blockquote[data-secret=\"'+t.secret+'\"]'),c=new RegExp(\"^https?:$\",\"i\"),i=0;i<o.length;i++)o[i].style.display=\"none\";for(i=0;i<a.length;i++)s=a[i],e.source===s.contentWindow&&(s.removeAttribute(\"style\"),\"height\"===t.message?(1e3<(r=parseInt(t.value,10))?r=1e3:~~r<200&&(r=200),s.height=r):\"link\"===t.message&&(r=new URL(s.getAttribute(\"src\")),n=new URL(t.value),c.test(n.protocol))&&n.host===r.host&&l.activeElement===s&&(d.top.location.href=t.value))}},d.addEventListener(\"message\",d.wp.receiveEmbedMessage,!1),l.addEventListener(\"DOMContentLoaded\",function(){for(var e,t,s=l.querySelectorAll(\"iframe.wp-embedded-content\"),r=0;r<s.length;r++)(t=(e=s[r]).getAttribute(\"data-secret\"))||(t=Math.random().toString(36).substring(2,12),e.src+=\"#?secret=\"+t,e.setAttribute(\"data-secret\",t)),e.contentWindow.postMessage({message:\"ready\",secret:t},\"*\")},!1)))}(window,document);\n\/\/# sourceURL=https:\/\/sefiro.de\/wp-includes\/js\/wp-embed.min.js\n<\/script>","thumbnail_url":"https:\/\/sefiro.de\/wp-content\/uploads\/2021\/07\/meadow-4485609_1920.jpg","thumbnail_width":1920,"thumbnail_height":1280,"description":"Das EU-Parlament stimmte sch\u00e4rferen Importregeln zu. K\u00fcnftig d\u00fcrfen Produkte wie Kaffee oder Palm\u00f6l nicht mehr in der EU verkauft werden, wenn f\u00fcr ihre Gewinnung der Regenwald besch\u00e4digt wurde. Die Regelungen sollen die weitere Rodung des Regenwaldes durch den Konsum europ\u00e4ischer Verbraucher verhindern. Hersteller m\u00fcssen zuk\u00fcnftig Sorgfaltserkl\u00e4rungen abgeben, die erkl\u00e4ren, dass weder das Produkt noch die &hellip;  Read More &raquo;"}

Das EU-Parlament stimmte schärferen Importregeln zu. Künftig dürfen Produkte wie Kaffee oder Palmöl nicht mehr in der EU verkauft werden, wenn für ihre Gewinnung der Regenwald beschädigt wurde. Die Regelungen sollen die weitere Rodung des Regenwaldes durch den Konsum europäischer Verbraucher verhindern. Hersteller müssen zukünftig Sorgfaltserklärungen abgeben, die erklären, dass weder das Produkt noch die &hellip;  Read More &raquo;
